{"id":11,"date":"2023-06-07T11:34:33","date_gmt":"2023-06-07T16:34:33","guid":{"rendered":"https:\/\/creativo-digital.com\/dms\/expo\/?page_id=11"},"modified":"2023-08-06T22:46:10","modified_gmt":"2023-08-07T03:46:10","slug":"expo-belleza-2023","status":"publish","type":"page","link":"https:\/\/creativo-digital.com\/dms\/expo\/expo-belleza-2023\/","title":{"rendered":"Expo Belleza 2023"},"content":{"rendered":"<section class=\"wpb-content-wrapper\"><p>[vc_section el_class=\u00bbsec-banner-int\u00bb][vc_row][vc_column][vc_column_text]<img loading=\"lazy\" decoding=\"async\" class=\"alignnone size-full wp-image-575\" src=\"https:\/\/creativo-digital.com\/dms\/expo\/wp-content\/uploads\/2023\/07\/expobelleza-sobre-nosotros.jpg\" alt=\"\" width=\"1397\" height=\"635\" srcset=\"https:\/\/creativo-digital.com\/dms\/expo\/wp-content\/uploads\/2023\/07\/expobelleza-sobre-nosotros.jpg 1397w, https:\/\/creativo-digital.com\/dms\/expo\/wp-content\/uploads\/2023\/07\/expobelleza-sobre-nosotros-300x136.jpg 300w, https:\/\/creativo-digital.com\/dms\/expo\/wp-content\/uploads\/2023\/07\/expobelleza-sobre-nosotros-1024x465.jpg 1024w, https:\/\/creativo-digital.com\/dms\/expo\/wp-content\/uploads\/2023\/07\/expobelleza-sobre-nosotros-768x349.jpg 768w, https:\/\/creativo-digital.com\/dms\/expo\/wp-content\/uploads\/2023\/07\/expobelleza-sobre-nosotros-600x273.jpg 600w\" sizes=\"auto, (max-width: 1397px) 100vw, 1397px\" \/>[\/vc_column_text][\/vc_column][\/vc_row][\/vc_section][vc_section el_class=\u00bbsec-contenidos-cortos\u00bb el_id=\u00bbpilares\u00bb][vc_row content_placement=\u00bbmiddle\u00bb][vc_column][vc_custom_heading text=\u00bb\u00a1Bienvenido a Expo Belleza 2023!\u00bb font_container=\u00bbtag:h2|font_size:45px|text_align:center|color:%23f1ae00&#8243; use_theme_fonts=\u00bbyes\u00bb el_class=\u00bbtt-principales\u00bb][vc_empty_space][vc_column_text]<\/p>\n<p style=\"text-align: center;\">Aqu\u00ed encontrar\u00e1s todo lo mejor en tendencias de moda, salud, bienestar y belleza. Nuestra feria re\u00fane a los l\u00edderes de la industria, expertos y amantes de la belleza en un solo lugar, brindando una experiencia \u00fanica e inspiradora.<\/p>\n<p>[\/vc_column_text][\/vc_column][\/vc_row][\/vc_section][vc_section el_class=\u00bbsec-contenidos\u00bb][vc_row gap=\u00bb15&#8243; equal_height=\u00bbyes\u00bb][vc_column width=\u00bb1\/2&#8243; css=\u00bb.vc_custom_1686233934384{border: 1px solid #cdcdcd !important;}\u00bb][vc_single_image image=\u00bb142&#8243; img_size=\u00bbfull\u00bb alignment=\u00bbcenter\u00bb][vc_custom_heading text=\u00bbSALUD\u00bb font_container=\u00bbtag:h2|font_size:25px|text_align:center|color:%23f1ae00&#8243; use_theme_fonts=\u00bbyes\u00bb el_class=\u00bbtt-principales\u00bb][vc_empty_space][vc_column_text]<\/p>\n<p style=\"text-align: center;\">En Expo Belleza 2023, nos preocupamos por tu cuidado integral. Nuestra feria no solo se enfoca en la belleza externa, sino que tambi\u00e9n promovemos el cuidado de tu salud en todas sus dimensiones. Encontrar\u00e1s una amplia gama de recursos, tratamientos y actividades relacionadas con los cuidados para la salud.<br \/>\nNuestra prioridad es brindarte las herramientas y los conocimientos necesarios para que puedas cuidar tu salud de manera integral y tomar decisiones informadas. Te invitamos a ser parte de este evento \u00fanico que combina salud, belleza, moda y bienestar, para que puedas vivir una experiencia completa y enriquecedora. \u00a1No te lo pierdas!<\/p>\n<p>[\/vc_column_text][\/vc_column][vc_column width=\u00bb1\/2&#8243; css=\u00bb.vc_custom_1686233948088{border: 1px solid #cdcdcd !important;}\u00bb][vc_single_image image=\u00bb139&#8243; img_size=\u00bbfull\u00bb alignment=\u00bbcenter\u00bb][vc_custom_heading text=\u00bbBELLEZA\u00bb font_container=\u00bbtag:h2|font_size:25px|text_align:center|color:%23f1ae00&#8243; use_theme_fonts=\u00bbyes\u00bb el_class=\u00bbtt-principales\u00bb][vc_empty_space][vc_column_text]<\/p>\n<p style=\"text-align: center;\">En Expo Belleza 2023, nos enorgullece ofrecer una amplia gama de recomendaciones, consejos y productos que te ayudar\u00e1n a realzar tu belleza. Nuestra feria est\u00e1 dise\u00f1ada para brindarte una experiencia \u00fanica y gratificante, donde podr\u00e1s descubrir las \u00faltimas tendencias y disfrutar de servicios exclusivos. Encontrar\u00e1s maquillaje y estilismo, tutoriales de belleza, workshops, charlas y mucho m\u00e1s.<br \/>\nTe invitamos a unirte a nosotros en esta emocionante feria y a explorar todo lo que tenemos preparado para ti.<\/p>\n<p>[\/vc_column_text][\/vc_column][\/vc_row][vc_row gap=\u00bb15&#8243; equal_height=\u00bbyes\u00bb][vc_column width=\u00bb1\/2&#8243; css=\u00bb.vc_custom_1686233934384{border: 1px solid #cdcdcd !important;}\u00bb][vc_single_image image=\u00bb141&#8243; img_size=\u00bbfull\u00bb alignment=\u00bbcenter\u00bb][vc_custom_heading text=\u00bbBIENESTAR\u00bb font_container=\u00bbtag:h2|font_size:25px|text_align:center|color:%23f1ae00&#8243; use_theme_fonts=\u00bbyes\u00bb el_class=\u00bbtt-principales\u00bb][vc_empty_space][vc_column_text]<\/p>\n<p style=\"text-align: center;\">El cuidado de tu bienestar integral es muy importante, por eso en Expo Belleza encontrar\u00e1s las mejores recomendaciones y consejos para que puedas llevar una vida saludable y equilibrada. Nuestra feria busca promover un estilo de vida saludable en todos los aspectos. Aqu\u00ed encontrar\u00e1s una amplia gama de recomendaciones y servicios que te ayudar\u00e1n a sentirte mejor y m\u00e1s bella.<\/p>\n<p>[\/vc_column_text][\/vc_column][vc_column width=\u00bb1\/2&#8243; css=\u00bb.vc_custom_1686233948088{border: 1px solid #cdcdcd !important;}\u00bb][vc_single_image image=\u00bb140&#8243; img_size=\u00bbfull\u00bb alignment=\u00bbcenter\u00bb][vc_custom_heading text=\u00bbMODA\u00bb font_container=\u00bbtag:h2|font_size:25px|text_align:center|color:%23f1ae00&#8243; use_theme_fonts=\u00bbyes\u00bb el_class=\u00bbtt-principales\u00bb][vc_empty_space][vc_column_text]<\/p>\n<p style=\"text-align: center;\">En Expo Belleza 2023, nos enorgullece ofrecer una amplia gama de recomendaciones, consejos y productos que te ayudar\u00e1n a realzar tu belleza. Nuestra feria est\u00e1 dise\u00f1ada para brindarte una experiencia \u00fanica y gratificante, donde podr\u00e1s descubrir las \u00faltimas tendencias y disfrutar de servicios exclusivos. Encontrar\u00e1s maquillaje y estilismo, tutoriales de belleza, workshops, charlas y mucho m\u00e1s.<br \/>\nTe invitamos a unirte a nosotros en esta emocionante feria y a explorar todo lo que tenemos preparado para ti.<\/p>\n<p>[\/vc_column_text][\/vc_column][\/vc_row][\/vc_section][vc_section el_class=\u00bbsec-contenidos\u00bb][vc_row][vc_column][vc_empty_space height=\u00bb50px\u00bb][vc_custom_heading text=\u00bbHorarios y actividades\u00bb font_container=\u00bbtag:h2|font_size:45px|text_align:center|color:%23ef0090&#8243; use_theme_fonts=\u00bbyes\u00bb el_class=\u00bbtt-principales\u00bb css=\u00bb.vc_custom_1686186440996{margin-bottom: 25px !important;}\u00bb][vc_single_image image=\u00bb50&#8243; img_size=\u00bbfull\u00bb alignment=\u00bbcenter\u00bb css_animation=\u00bbnone\u00bb][\/vc_column][\/vc_row][vc_row css=\u00bb.vc_custom_1686186928070{margin-bottom: 35px !important;}\u00bb][vc_column width=\u00bb1\/2&#8243;][vc_row_inner content_placement=\u00bbmiddle\u00bb][vc_column_inner width=\u00bb1\/4&#8243; css=\u00bb.vc_custom_1686186728844{border: 1px solid #cdcdcd !important;}\u00bb][vc_custom_heading text=\u00bb6&#8243; font_container=\u00bbtag:h2|font_size:45px|text_align:center|color:%23ef0090&#8243; use_theme_fonts=\u00bbyes\u00bb el_class=\u00bbtt-principales\u00bb][vc_custom_heading text=\u00bbJUNIO\u00bb font_container=\u00bbtag:h2|font_size:25px|text_align:center|color:%235d5d5d\u00bb use_theme_fonts=\u00bbyes\u00bb el_class=\u00bbtt-principales\u00bb][vc_empty_space][\/vc_column_inner][vc_column_inner width=\u00bb3\/4&#8243;][vc_column_text]<span style=\"color: #ef0090;\"><strong>PRESENTACI\u00d3N DE EXPOSITORES<\/strong><\/span><br \/>\n<strong>HORA: 9h00 AM<\/strong><\/p>\n<p>Presentaci\u00f3n de nuestros expositores por inauguraci\u00f3n de Expobelleza[\/vc_column_text][\/vc_column_inner][\/vc_row_inner][\/vc_column][vc_column width=\u00bb1\/2&#8243;][vc_row_inner content_placement=\u00bbmiddle\u00bb][vc_column_inner width=\u00bb1\/4&#8243; css=\u00bb.vc_custom_1686186728844{border: 1px solid #cdcdcd !important;}\u00bb][vc_custom_heading text=\u00bb6&#8243; font_container=\u00bbtag:h2|font_size:45px|text_align:center|color:%23ef0090&#8243; use_theme_fonts=\u00bbyes\u00bb el_class=\u00bbtt-principales\u00bb][vc_custom_heading text=\u00bbJUNIO\u00bb font_container=\u00bbtag:h2|font_size:25px|text_align:center|color:%235d5d5d\u00bb use_theme_fonts=\u00bbyes\u00bb el_class=\u00bbtt-principales\u00bb][vc_empty_space][\/vc_column_inner][vc_column_inner width=\u00bb3\/4&#8243;][vc_column_text]<span style=\"color: #ef0090;\"><strong>PRESENTACI\u00d3N DE EXPOSITORES<\/strong><\/span><br \/>\n<strong>HORA: 9h00 AM<\/strong><\/p>\n<p>Presentaci\u00f3n de nuestros expositores por inauguraci\u00f3n de Expobelleza[\/vc_column_text][\/vc_column_inner][\/vc_row_inner][\/vc_column][\/vc_row][vc_row css=\u00bb.vc_custom_1686186935566{margin-bottom: 35px !important;}\u00bb][vc_column width=\u00bb1\/2&#8243;][vc_row_inner content_placement=\u00bbmiddle\u00bb][vc_column_inner width=\u00bb1\/4&#8243; css=\u00bb.vc_custom_1686186728844{border: 1px solid #cdcdcd !important;}\u00bb][vc_custom_heading text=\u00bb6&#8243; font_container=\u00bbtag:h2|font_size:45px|text_align:center|color:%23ef0090&#8243; use_theme_fonts=\u00bbyes\u00bb el_class=\u00bbtt-principales\u00bb][vc_custom_heading text=\u00bbJUNIO\u00bb font_container=\u00bbtag:h2|font_size:25px|text_align:center|color:%235d5d5d\u00bb use_theme_fonts=\u00bbyes\u00bb el_class=\u00bbtt-principales\u00bb][vc_empty_space][\/vc_column_inner][vc_column_inner width=\u00bb3\/4&#8243;][vc_column_text]<span style=\"color: #ef0090;\"><strong>PRESENTACI\u00d3N DE EXPOSITORES<\/strong><\/span><br \/>\n<strong>HORA: 9h00 AM<\/strong><\/p>\n<p>Presentaci\u00f3n de nuestros expositores por inauguraci\u00f3n de Expobelleza[\/vc_column_text][\/vc_column_inner][\/vc_row_inner][\/vc_column][vc_column width=\u00bb1\/2&#8243;][vc_row_inner content_placement=\u00bbmiddle\u00bb][vc_column_inner width=\u00bb1\/4&#8243; css=\u00bb.vc_custom_1686186728844{border: 1px solid #cdcdcd !important;}\u00bb][vc_custom_heading text=\u00bb6&#8243; font_container=\u00bbtag:h2|font_size:45px|text_align:center|color:%23ef0090&#8243; use_theme_fonts=\u00bbyes\u00bb el_class=\u00bbtt-principales\u00bb][vc_custom_heading text=\u00bbJUNIO\u00bb font_container=\u00bbtag:h2|font_size:25px|text_align:center|color:%235d5d5d\u00bb use_theme_fonts=\u00bbyes\u00bb el_class=\u00bbtt-principales\u00bb][vc_empty_space][\/vc_column_inner][vc_column_inner width=\u00bb3\/4&#8243;][vc_column_text]<span style=\"color: #ef0090;\"><strong>PRESENTACI\u00d3N DE EXPOSITORES<\/strong><\/span><br \/>\n<strong>HORA: 9h00 AM<\/strong><\/p>\n<p>Presentaci\u00f3n de nuestros expositores por inauguraci\u00f3n de Expobelleza[\/vc_column_text][\/vc_column_inner][\/vc_row_inner][\/vc_column][\/vc_row][vc_row css=\u00bb.vc_custom_1686186935566{margin-bottom: 35px !important;}\u00bb][vc_column width=\u00bb1\/2&#8243;][vc_row_inner content_placement=\u00bbmiddle\u00bb][vc_column_inner width=\u00bb1\/4&#8243; css=\u00bb.vc_custom_1686186728844{border: 1px solid #cdcdcd !important;}\u00bb][vc_custom_heading text=\u00bb6&#8243; font_container=\u00bbtag:h2|font_size:45px|text_align:center|color:%23ef0090&#8243; use_theme_fonts=\u00bbyes\u00bb el_class=\u00bbtt-principales\u00bb][vc_custom_heading text=\u00bbJUNIO\u00bb font_container=\u00bbtag:h2|font_size:25px|text_align:center|color:%235d5d5d\u00bb use_theme_fonts=\u00bbyes\u00bb el_class=\u00bbtt-principales\u00bb][vc_empty_space][\/vc_column_inner][vc_column_inner width=\u00bb3\/4&#8243;][vc_column_text]<span style=\"color: #ef0090;\"><strong>PRESENTACI\u00d3N DE EXPOSITORES<\/strong><\/span><br \/>\n<strong>HORA: 9h00 AM<\/strong><\/p>\n<p>Presentaci\u00f3n de nuestros expositores por inauguraci\u00f3n de Expobelleza[\/vc_column_text][\/vc_column_inner][\/vc_row_inner][\/vc_column][vc_column width=\u00bb1\/2&#8243;][vc_row_inner content_placement=\u00bbmiddle\u00bb][vc_column_inner width=\u00bb1\/4&#8243; css=\u00bb.vc_custom_1686186728844{border: 1px solid #cdcdcd !important;}\u00bb][vc_custom_heading text=\u00bb6&#8243; font_container=\u00bbtag:h2|font_size:45px|text_align:center|color:%23ef0090&#8243; use_theme_fonts=\u00bbyes\u00bb el_class=\u00bbtt-principales\u00bb][vc_custom_heading text=\u00bbJUNIO\u00bb font_container=\u00bbtag:h2|font_size:25px|text_align:center|color:%235d5d5d\u00bb use_theme_fonts=\u00bbyes\u00bb el_class=\u00bbtt-principales\u00bb][vc_empty_space][\/vc_column_inner][vc_column_inner width=\u00bb3\/4&#8243;][vc_column_text]<span style=\"color: #ef0090;\"><strong>PRESENTACI\u00d3N DE EXPOSITORES<\/strong><\/span><br \/>\n<strong>HORA: 9h00 AM<\/strong><\/p>\n<p>Presentaci\u00f3n de nuestros expositores por inauguraci\u00f3n de Expobelleza[\/vc_column_text][\/vc_column_inner][\/vc_row_inner][\/vc_column][\/vc_row][vc_row css=\u00bb.vc_custom_1686186935566{margin-bottom: 35px !important;}\u00bb][vc_column width=\u00bb1\/2&#8243;][vc_row_inner content_placement=\u00bbmiddle\u00bb][vc_column_inner width=\u00bb1\/4&#8243; css=\u00bb.vc_custom_1686186728844{border: 1px solid #cdcdcd !important;}\u00bb][vc_custom_heading text=\u00bb6&#8243; font_container=\u00bbtag:h2|font_size:45px|text_align:center|color:%23ef0090&#8243; use_theme_fonts=\u00bbyes\u00bb el_class=\u00bbtt-principales\u00bb][vc_custom_heading text=\u00bbJUNIO\u00bb font_container=\u00bbtag:h2|font_size:25px|text_align:center|color:%235d5d5d\u00bb use_theme_fonts=\u00bbyes\u00bb el_class=\u00bbtt-principales\u00bb][vc_empty_space][\/vc_column_inner][vc_column_inner width=\u00bb3\/4&#8243;][vc_column_text]<span style=\"color: #ef0090;\"><strong>PRESENTACI\u00d3N DE EXPOSITORES<\/strong><\/span><br \/>\n<strong>HORA: 9h00 AM<\/strong><\/p>\n<p>Presentaci\u00f3n de nuestros expositores por inauguraci\u00f3n de Expobelleza[\/vc_column_text][\/vc_column_inner][\/vc_row_inner][\/vc_column][vc_column width=\u00bb1\/2&#8243;][vc_row_inner content_placement=\u00bbmiddle\u00bb][vc_column_inner width=\u00bb1\/4&#8243; css=\u00bb.vc_custom_1686186728844{border: 1px solid #cdcdcd !important;}\u00bb][vc_custom_heading text=\u00bb6&#8243; font_container=\u00bbtag:h2|font_size:45px|text_align:center|color:%23ef0090&#8243; use_theme_fonts=\u00bbyes\u00bb el_class=\u00bbtt-principales\u00bb][vc_custom_heading text=\u00bbJUNIO\u00bb font_container=\u00bbtag:h2|font_size:25px|text_align:center|color:%235d5d5d\u00bb use_theme_fonts=\u00bbyes\u00bb el_class=\u00bbtt-principales\u00bb][vc_empty_space][\/vc_column_inner][vc_column_inner width=\u00bb3\/4&#8243;][vc_column_text]<span style=\"color: #ef0090;\"><strong>PRESENTACI\u00d3N DE EXPOSITORES<\/strong><\/span><br \/>\n<strong>HORA: 9h00 AM<\/strong><\/p>\n<p>Presentaci\u00f3n de nuestros expositores por inauguraci\u00f3n de Expobelleza[\/vc_column_text][\/vc_column_inner][\/vc_row_inner][\/vc_column][\/vc_row][vc_row][vc_column][vc_custom_heading text=\u00bbPreguntas frecuentes\u00bb font_container=\u00bbtag:h2|font_size:45px|text_align:center|color:%23a9c200&#8243; use_theme_fonts=\u00bbyes\u00bb el_class=\u00bbtt-principales\u00bb css=\u00bb.vc_custom_1686187448040{margin-bottom: 25px !important;}\u00bb][vc_single_image image=\u00bb62&#8243; img_size=\u00bbfull\u00bb alignment=\u00bbcenter\u00bb css_animation=\u00bbnone\u00bb][vc_tta_accordion c_position=\u00bbright\u00bb active_section=\u00bb1&#8243; no_fill=\u00bbtrue\u00bb el_class=\u00bbacor-preguntas\u00bb][vc_tta_section title=\u00bb\u00bfCu\u00e1ndo y d\u00f3nde se realizar\u00e1 Expo Belleza 2023?\u00bb tab_id=\u00bb1686187492367-0c808c4f-a8ad\u00bb][vc_column_text]Lorem ipsum dolor sit amet, consectetur adipiscing elit. Donec luctus commodo libero ut finibus. Quisque nisi nisi, ullamcorper sed turpis et, auctor pretium lacus. Curabitur metus ante, ullamcorper id bibendum et, pharetra vitae orci. Maecenas consectetur tellus lectus, consectetur interdum mi mattis non. Nulla sit amet euismod nisl. Integer sit amet tellus rhoncus, dapibus leo id, vehicula leo.[\/vc_column_text][\/vc_tta_section][vc_tta_section title=\u00bb\u00bfC\u00f3mo me registro?\u00bb tab_id=\u00bb1686187492405-cf84c21f-2a68&#8243;][vc_column_text]Lorem ipsum dolor sit amet, consectetur adipiscing elit. Donec luctus commodo libero ut finibus. Quisque nisi nisi, ullamcorper sed turpis et, auctor pretium lacus. Curabitur metus ante, ullamcorper id bibendum et, pharetra vitae orci. Maecenas consectetur tellus lectus, consectetur interdum mi mattis non. Nulla sit amet euismod nisl. Integer sit amet tellus rhoncus, dapibus leo id, vehicula leo.[\/vc_column_text][\/vc_tta_section][vc_tta_section title=\u00bb\u00bfCu\u00e1les ser\u00e1n los horarios de Expo Belleza 2023?\u00bb tab_id=\u00bb1686187533031-141c7b4f-8551&#8243;][vc_column_text]Lorem ipsum dolor sit amet, consectetur adipiscing elit. Donec luctus commodo libero ut finibus. Quisque nisi nisi, ullamcorper sed turpis et, auctor pretium lacus. Curabitur metus ante, ullamcorper id bibendum et, pharetra vitae orci. Maecenas consectetur tellus lectus, consectetur interdum mi mattis non. Nulla sit amet euismod nisl. Integer sit amet tellus rhoncus, dapibus leo id, vehicula leo.[\/vc_column_text][\/vc_tta_section][vc_tta_section title=\u00bb\u00bfEst\u00e1 permitido el ingreso de mascotas?\u00bb tab_id=\u00bb1686187555225-1a61b0b5-03f9&#8243;][vc_column_text]Lorem ipsum dolor sit amet, consectetur adipiscing elit. Donec luctus commodo libero ut finibus. Quisque nisi nisi, ullamcorper sed turpis et, auctor pretium lacus. Curabitur metus ante, ullamcorper id bibendum et, pharetra vitae orci. Maecenas consectetur tellus lectus, consectetur interdum mi mattis non. Nulla sit amet euismod nisl. Integer sit amet tellus rhoncus, dapibus leo id, vehicula leo.[\/vc_column_text][\/vc_tta_section][\/vc_tta_accordion][\/vc_column][\/vc_row][vc_row][vc_column][vc_empty_space height=\u00bb80px\u00bb][vc_custom_heading text=\u00bbNoticias\u00bb font_container=\u00bbtag:h2|font_size:45px|text_align:center|color:%23f1ae00&#8243; use_theme_fonts=\u00bbyes\u00bb el_class=\u00bbtt-principales\u00bb css=\u00bb.vc_custom_1686188585644{margin-bottom: 25px !important;}\u00bb][vc_single_image image=\u00bb67&#8243; img_size=\u00bbfull\u00bb alignment=\u00bbcenter\u00bb css_animation=\u00bbnone\u00bb][vc_column_text][\/vc_column_text][\/vc_column][\/vc_row][\/vc_section]<\/p>\n<\/section>","protected":false},"excerpt":{"rendered":"<p>[vc_section el_class=\u00bbsec-banner-int\u00bb][vc_row][vc_column][vc_column_text][\/vc_column_text][\/vc_column][\/vc_row][\/vc_section][vc_section el_class=\u00bbsec-contenidos-cortos\u00bb el_id=\u00bbpilares\u00bb][vc_row content_placement=\u00bbmiddle\u00bb][vc_column][vc_custom_heading text=\u00bb\u00a1Bienvenido a Expo Belleza 2023!\u00bb font_container=\u00bbtag:h2|font_size:45px|text_align:center|color:%23f1ae00&#8243; use_theme_fonts=\u00bbyes\u00bb el_class=\u00bbtt-principales\u00bb][vc_empty_space][vc_column_text] Aqu\u00ed encontrar\u00e1s todo lo mejor en tendencias de moda, salud, bienestar y belleza. Nuestra feria re\u00fane a los l\u00edderes de la industria, expertos y amantes de la belleza en un solo lugar, brindando una experiencia \u00fanica e inspiradora. [\/vc_column_text][\/vc_column][\/vc_row][\/vc_section][vc_section el_class=\u00bbsec-contenidos\u00bb][vc_row gap=\u00bb15&#8243; equal_height=\u00bbyes\u00bb][vc_column [&hellip;]<\/p>\n","protected":false},"author":1,"featured_media":0,"parent":0,"menu_order":0,"comment_status":"closed","ping_status":"closed","template":"","meta":{"_joinchat":[],"footnotes":""},"class_list":["post-11","page","type-page","status-publish","hentry"],"_links":{"self":[{"href":"https:\/\/creativo-digital.com\/dms\/expo\/wp-json\/wp\/v2\/pages\/11","targetHints":{"allow":["GET"]}}],"collection":[{"href":"https:\/\/creativo-digital.com\/dms\/expo\/wp-json\/wp\/v2\/pages"}],"about":[{"href":"https:\/\/creativo-digital.com\/dms\/expo\/wp-json\/wp\/v2\/types\/page"}],"author":[{"embeddable":true,"href":"https:\/\/creativo-digital.com\/dms\/expo\/wp-json\/wp\/v2\/users\/1"}],"replies":[{"embeddable":true,"href":"https:\/\/creativo-digital.com\/dms\/expo\/wp-json\/wp\/v2\/comments?post=11"}],"version-history":[{"count":17,"href":"https:\/\/creativo-digital.com\/dms\/expo\/wp-json\/wp\/v2\/pages\/11\/revisions"}],"predecessor-version":[{"id":729,"href":"https:\/\/creativo-digital.com\/dms\/expo\/wp-json\/wp\/v2\/pages\/11\/revisions\/729"}],"wp:attachment":[{"href":"https:\/\/creativo-digital.com\/dms\/expo\/wp-json\/wp\/v2\/media?parent=11"}],"curies":[{"name":"wp","href":"https:\/\/api.w.org\/{rel}","templated":true}]}}